. Let y(q) = 34*q**3 - 3*q**2 + 2*q + 2. Let r be y(2). Let m = k - r. What is the units digit of m?
1
Let x(d) = 525*d - 131. What is the hundreds digit of x(11)?
6
Suppose 5*i = -5*o + 42782 - 3797, -5*i = o - 7777. What is the thousands digit of o?
7
Let k be -6*(-2025)/24 - 45/(-60). Suppose 4*f = -2*y + 336, 3*y = -3*f - 9 + k. What is the hundreds digit of y?
1
Let u(f) = 11405*f**3 - 8*f**2 + 2*f + 6. What is the hundreds digit of u(1)?
4
Let j be ((-3)/(-12))/(3/312). Suppose j*f - 4683 = 30105. What is the thousands digit of f?
1
Suppose 2*y - 2 = y. Suppose -y*r = -4*b + b - 59, 4*r - 130 = 2*b. Suppose a - 87 = r. What is the tens digit of a?
2
Let f(b) = 2*b**2 + 8*b - 439. What is the units digit of f(-30)?
1
Suppose -r - 4*l + 57 = 0, -71 = -3*r - 5*l + 72. What is the units digit of r?
1
What is the thousands digit of (6070/25)/((-40)/850)*-6?
0
Let r(z) = 7*z + 139. Let m be r(-19). What is the units digit of (-8)/72*-3 + 1804/m?
1
Let i = -200 + 209. What is the units digit of (2 + 402)/(i/9)?
4
Suppose -c + 36 = 2*c. Let i(x) = x**2 - 11*x - 10. Let k be i(c). Suppose 5*m + 0*m = g - 54, 0 = k*m - 6. What is the tens digit of g?
6
Let p(y) = -12*y**2 + 15*y + 3. Let h(v) = 14*v**2 - 16*v. Let a(w) = -5*h(w) - 6*p(w). What is the units digit of a(-15)?
2
Let b be 30/24 - (3380/16 - 0). Let m = 254 + b. What is the units digit of m?
4
Suppose -6 = 83*u - 85*u. Suppose 6087 = 5*b - 2*v, -u*b = b - 3*v - 4871. What is the hundreds digit of b?
2
Let t = 35640 - 23373. What is the ten thousands digit of t?
1
Suppose -7*d - 43 = -18215. Suppose -2*b - 6*k + 4*k = -d, 4*b + k = 5204. What is the thousands digit of b?
1
Suppose 157067 - 26915 = 17*r. Suppose 14*s = 3*s + r. What is the units digit of s?
6
Suppose 5*c = 5*b + 20, b + 2*c - 6 + 1 = 0. Let x be b*4/10*-5. Suppose a - 194 = x*g, -49 = -5*a - 2*g + 981. What is the tens digit of a?
0
Let s be 5*1/(-4)*-4. Suppose -s*g + 1444 = -1871. Suppose 3*i + 2*i = -4*r + 659, 5*i = -3*r + g. What is the hundreds digit of i?
1
Suppose 0 = -74*p + 86*p - 9648. Suppose -23*q + 25*q - p = 0. What is the hundreds digit of q?
4
Let z = 56683 + -4724. What is the hundreds digit of z?
9
Let v(l) = -19*l - 1. Let c be v(-1). Let x(h) be the first derivative of -h**4/4 + 19*h**3/3 - 15*h**2/2 + 14*h - 253. What is the units digit of x(c)?
8
Suppose -61808 = -5*a - 4*t, 0 = -5*t - 14 + 24. What is the hundreds digit of a?
3
Suppose 0 = 8*a - 6*a + t - 1300, -4*t = -a + 650. What is the units digit of 2 - ((2 - 4) + -3 - a)?
7
Suppose 2*i - 7 = -1. Suppose i*z + 2*z + 35 = 3*j, 0 = z - 3*j + 19. What is the tens digit of -54*(-4 - (-6 - z))?
0
Let b be (-4)/6 - (-2020)/6. Let z(a) = -6*a**2 - 113*a + 374. Let d be z(-22). Let k = d + b. What is the units digit of k?
2
Suppose -23*l + 1170144 = 45*l. Suppose -16*v - l = -40*v. What is the tens digit of v?
1
Suppose 13*y = 23*y - 110. What is the tens digit of 546 + 11/(y/(-2))?
4
Let i = 57360 - 31878. What is the thousands digit of i?
5
Let z(n) = -11*n**3 + 26*n**2 + 110*n + 19. What is the thousands digit of z(-8)?
6
Let i = 4246 - -10072. What is the units digit of i?
8
Suppose -376*y - 333500 = -426*y. What is the thousands digit of y?
6
Let d = 724 + 1195. Let z = d + -987. What is the tens digit of z?
3
Suppose -2*o - 36 = -6*o. Let h(q) = q**3 - 6*q**2 - 6*q + 45. What is the tens digit of h(o)?
3
Suppose -2479 = 8*a - 16719. Suppose 5*k - a = -5*k. What is the hundreds digit of k?
1
What is the tens digit of (18*-164)/((91/(-28))/13)?
0
Suppose -5*r + 25 = 3*z, 2*z - 5*z + 5 = r. Suppose r*h + n - 928 = 0, 3*n - 180 = -h - 0*n. Suppose -7*v + h + 66 = 0. What is the tens digit of v?
3
Let z(x) = 6*x - 6. Let b be z(1). Suppose -3*l + 5*w + 1328 = -b, 3*l + 5*w = 1318. What is the tens digit of l?
4
Let f be (22/(-10))/(42/(-15) + 3). Let g(w) = w**2 - 16*w + 24. What is the hundreds digit of g(f)?
3
Suppose 0 = -49*m - 67*m + 113427 + 320993. What is the hundreds digit of m?
7
Let w(q) = q**2 - 13*q + 72. Let b be w(28). Let c = 815 - b. What is the units digit of c?
3
Let t(i) = 32*i - 8. Suppose 3*g + 12*u = 8*u + 27, -4*g = -3*u - 11. What is the units digit of t(g)?
2
Let u = 1463 - 1017. Suppose 11*k - 9*k + u = 0. Let c = -142 - k. What is the units digit of c?
1
Suppose -1033 = -15*s + 422. Suppose -6*n + s + 443 = 0. What is the tens digit of n?
9
Suppose -9*c = 3*v - 10*c - 3138, -3129 = -3*v - 2*c. What is the tens digit of v?
4
Suppose 15 = -5*b, 25 = -c + b - 355. Let d = -204 - c. What is the tens digit of d?
7
Let u(p) = 727*p - 1795. What is the tens digit of u(27)?
3
Let p(s) = -2*s**2 + 13*s + 9*s**2 + 9*s. Let a be p(-18). What is the units digit of a/28 + -4 + (-1)/(-7)?
3
Suppose 662 = 2*n - 3*l - 10171, 5*n - 4*l - 27065 = 0. What is the hundreds digit of n?
4
Let p = -13641 + 24269. Let j = p - 7260. What is the units digit of 6/(-9) + j/12?
0
Let t(z) = 2*z**2 - 3*z - 2. Let k be t(-2). Let r be (-1282)/(-18) - k/54. Let h = -49 + r. What is the units digit of h?
2
What is the thousands digit of 36/(-84) + 1576939/49?
2
Let q be (5 + 66/(-12))/((-2)/(-1520)). Let o = q - -13. Let u = o + 606. What is the tens digit of u?
3
Suppose 0 = -17*p + 25*p + 28*p. Suppose -2*x = p, -38*o + 2*x - 7020 = -43*o. What is the units digit of o?
4
Let v(k) = 19*k - 53. Let q be v(3). Suppose 5*m - 2*z - 1460 = 0, -4*m - m = -q*z - 1450. What is the tens digit of m?
9
Let g(s) = -26*s - 250. Let l be g(-32). Suppose -3*v - 81 = -l. What is the hundreds digit of v?
1
Suppose 15*d = 5*d + 4260. Let l = d + -295. Suppose -2*c + l = -47. What is the tens digit of c?
8
Suppose 14*n = -4*n + 1386. Let a = 325 + n. What is the tens digit of a?
0
Let u = 715 - 544. What is the tens digit of ((-19)/(u/(-15210)))/2?
4
Let s = -44752 - -15706. What is the hundreds digit of s/(-14) - (-222)/777?
0
Suppose 4*b + 32 = b + 4*t, 5*b = -2*t - 10. Let l(f) = -143*f + 24. What is the hundreds digit of l(b)?
5
Suppose 17*o = -10*o - 32805. Let v = 2479 + o. What is the thousands digit of v?
1
Let z = 169 + -163. Suppose z*i = 790 - 172. What is the tens digit of i?
0
What is the thousands digit of (-22213)/(-5) - ((-424)/(-40) + (-120)/12)?
4
Suppose 0 = 4*u + 4*g - 336400, 1146*u - 336418 = 1142*u + 2*g. What is the ten thousands digit of u?
8
Suppose -7367 = -u - 5*q + 16103, 0 = -3*u - 4*q + 70333. What is the tens digit of u?
3
Suppose -40*c = -92 - 108. Suppose 0 = 4*p - c*y - 339, -11*y + 10*y + 460 = 5*p. What is the tens digit of p?
9
Suppose -6*s + 6849 = -25682 + 1991. What is the tens digit of s?
9
Suppose 0 = -2*o + 4*q + 116, 2*o - 124 = -0*o + 2*q. Suppose 0 = -6*f + o. Let x(l) = 4*l - 20. What is the tens digit of x(f)?
2
What is the thousands digit of 119/51 - (3884660/12)/(-13)?
4
Let x be (-11679)/(-85)*(5 + 0). Let m = x + -284. What is the tens digit of m?
0
Let i = 654 - 584. What is the units digit of (10/(-4) - 0) + 72905/i?
9
Suppose 3*p + 4*o - 1577 = 1062, 2*p - 2*o = 1750. Suppose -2*i + 3*t + 722 = -p, 0 = 5*i - 3*t - 4002. What is the hundreds digit of i?
8
Suppose 21*b - 346 + 102 = -34. What is the units digit of b?
0
Let s = -124852 + 179135. What is the thousands digit of s?
4
Let r be 1*25*(-4)/(-10). What is the hundreds digit of 2103/6 + (-25)/r?
3
Let x = -7057 + 10523. What is the units digit of x?
6
Let j = 274 + 15. Suppose 1458 = -287*b + j*b. What is the units digit of b?
9
Let g(t) = 1833*t**2 - 50*t - 176. What is the ten thousands digit of g(-3)?
1
Suppose -l - 32295 = -16*l. Suppose -10*w + l = -2227. What is the tens digit of w?
3
Let p(a) = -3*a**2 - 18*a. Let c be p(-6). Suppose c = 7*v - 11*v - 156. Let j = 90 + v. What is the tens digit of j?
5
Let y be -3 - 1 - (3 + -26). Let k = y + -23. What is the units digit of (-24)/15*190/k?
6
Let h = 116 + -199. Let c = h - 219. What is the tens digit of c/(-4)*(-1 - -3)?
5
Suppose 0 = -3*q - 0*q - u - 3, 0 = -5*q + u + 3. What is the tens digit of -8*(q/(-1) + (-1592)/32)?
9
Let l = -321 - -333. Suppose -2*q + 16 = 4*z - l, -5*z + 15 = 0. What is the units digit of q?
8
Suppose -h + 44 = 3*h. Suppose 0*r - h*r = -1210. What is the units digit of ((-516)/5)/(-2)*r/33?
2
Let t(l) = 2*l - 5. Let n be t(4). Suppose -23 + 11 = -n*w. Suppose v - 123 = -h, 11*